{"id":256,"date":"2026-02-10T03:19:12","date_gmt":"2026-02-10T03:19:12","guid":{"rendered":"https:\/\/laviree.quebec\/Site\/?page_id=256"},"modified":"2026-03-15T18:38:00","modified_gmt":"2026-03-15T18:38:00","slug":"antiquite","status":"publish","type":"page","link":"https:\/\/laviree.quebec\/Site\/antiquite\/","title":{"rendered":"Antiquit\u00e9"},"content":{"rendered":"\n\n\nAntiquit\u00e9s qu\u00e9b\u00e9coises\n<p style=\"font-family: roboto; font-size:16px;font-weight:500;color:#000;line-height:2\">Les antiquit\u00e9s au Qu\u00e9bec sont pour la majorit\u00e9 des personnes, des objets qui relatent l&rsquo;histoire quotidienne des g\u00e9n\u00e9rations pr\u00e9c\u00e9dentes. Ces objets t\u00e9moins des crises, des guerres et des \u00e9v\u00e9nements qui nous on touch\u00e9s doivent \u00eatre prot\u00e9g\u00e9s et document\u00e9s pour conserver cette h\u00e9ritage patrimoniale.<\/p>\n<p style=\"font-family: roboto; font-size:16px;font-weight:500;color:#000;line-height:2\">Un objet est consid\u00e9r\u00e9 comme une antiquit\u00e9 s&rsquo;il a plus de 100 en de\u00e7\u00e0 on parle plut\u00f4t d&rsquo;un objet &lsquo;\u00a0\u00bbvintage\u00a0\u00bb.&nbsp; Les boutiquiers pr\u00e9sents \u00e0 la Vir\u00e9e Dans l&rsquo;Temps ont cette passion qu&rsquo;ils adorent partager avec jeunes et moins jeunes.<\/p>\n<p style=\"font-family: roboto; font-size:16px;font-weight:500;color:#000;line-height:2\">Une visite \u00e0 la Vir\u00e9e est un voyage dans le temps.&nbsp;<\/p>\n<p style=\"font-family: roboto; font-size:16px;font-weight:500;color:#000;line-height:2\">Vous voulez d\u00e9velopper votre int\u00e9r\u00eat pour les antiquit\u00e9s ?&nbsp; L&rsquo;\u00e9quipe de la Vir\u00e9e vous offrent quelques coups de coeurs qui sauront vous guider \u00e0 travers ce monde de d\u00e9couverte.<\/p>\n\n\n<p style=\"font-family:roboto;line-height:2;font-size:14px;font-weight:400;color:#ACACAC\"><span style=\"color: rgb(10, 10, 10); font-family: &quot;Google Sans&quot;, Arial, sans-serif; font-size: 16px; font-style: inherit; font-variant-ligatures: inherit; font-variant-caps: inherit; font-weight: inherit;\">Michel Lessard (1942-2022) \u00e9tait un historien de l&rsquo;art, ethnologue et professeur qu\u00e9b\u00e9cois de renom, consid\u00e9r\u00e9 comme l&rsquo;un des plus grands d\u00e9fenseurs du patrimoine culturel du Qu\u00e9bec. Il a r\u00e9dig\u00e9 plusieurs ouvrages phares portant sur le sujet.<\/span><\/p><p style=\"font-family:roboto;line-height:2;font-size:14px;font-weight:400;color:#ACACAC\">Source de la photo: Le Devoir<\/p>\n\n\n<p style=\"font-family:roboto;line-height:2;font-size:14px;font-weight:400;color:#ACACAC\"><span style=\"color: rgb(10, 10, 10); font-family: &quot;Google Sans&quot;, Arial, sans-serif; font-size: 16px;\">V\u00e9ritable \u00ab\u00a0bible\u00a0\u00bb pour les collectionneurs, cet ouvrage s&rsquo;est vendu \u00e0 plus de 100 000 exemplaires.&nbsp; Un ensemble de 3 livres la compl\u00e8tent.<\/span><\/p><p style=\"font-family:roboto;line-height:2;font-size:14px;font-weight:400;color:#ACACAC\"><span style=\"color: rgb(10, 10, 10); font-family: &quot;Google Sans&quot;, Arial, sans-serif; font-size: 16px;\">Auteur: Michel Lessard<\/span><\/p>\n\n\n<p style=\"font-family:roboto;line-height:2;font-size:14px;font-weight:400;color:#ACACAC\"><span style=\"color: rgb(10, 10, 10); font-family: &quot;Google Sans&quot;, Arial, sans-serif; font-size: 16px; font-style: inherit; font-variant-ligatures: inherit; font-variant-caps: inherit; font-weight: inherit;\">Situ\u00e9 au 930 Rang des C\u00e8dres \u00e0 Sainte-Eulalie (au abord de l&rsquo;autoroute 20), l&rsquo;immense boutique de <u>Michel Prince<\/u> est remplie de tr\u00e9sors uniques.&nbsp; Il saura vous partager sa passion.<\/span><\/p>\n\n\n\n\n<p style=\"font-family:roboto;line-height:2;font-size:14px;font-weight:400;color:#ACACAC\"><span style=\"color: rgb(10, 10, 10); font-family: &quot;Google Sans&quot;, Arial, sans-serif; font-size: 16px; font-style: inherit; font-variant-ligatures: inherit; font-variant-caps: inherit; font-weight: inherit;\">D\u00e8s leurs jeunes \u00e2ges, Brigitte et Georges partagent leur passion pour les articles d&rsquo;autrefois.&nbsp; Depuis leur premi\u00e8re boutique \u00e0 Sherbrooke, ils exploitent maintenant <u>Antiquit\u00e9s, la maison bleue<\/u> \u00e0 Piedmont (depuis 1989).&nbsp; Leur accueil en vaut le d\u00e9tour.<\/span><\/p><p style=\"font-family:roboto;line-height:2;font-size:14px;font-weight:400;color:#ACACAC\"><br><\/p>\n\n\n<p style=\"font-family:roboto;line-height:2;font-size:14px;font-weight:400;color:#ACACAC\"><u style=\"color: rgb(10, 10, 10); font-family: &quot;Google Sans&quot;, Arial, sans-serif; font-weight: 400;\">Brocante VLJ<\/u><span style=\"color: rgb(10, 10, 10); font-family: &quot;Google Sans&quot;, Arial, sans-serif; font-size: inherit; font-style: inherit; font-variant-ligatures: inherit; font-variant-caps: inherit;\"> (Sherbrooke) rue Papineau.&nbsp; Rencontrez Christian et son \u00e9quipe<\/span><\/p><p style=\"line-height: 2; font-weight: 400;\"><font color=\"#0a0a0a\" face=\"Google Sans, Arial, sans-serif\"><u>La Bazar de Stanstead<\/u>, rue Notre-Dame, Plus de 40 vendeurs vous attendent<\/font><\/p><p style=\"line-height: 2; font-weight: 400;\"><font color=\"#0a0a0a\" face=\"Google Sans, Arial, sans-serif\"><u>Boutique La Junk (Ayer&rsquo;s cliff)<\/u>, rue Main<\/font><\/p><p style=\"line-height: 2; font-weight: 400;\"><font color=\"#0a0a0a\" face=\"Google Sans, Arial, sans-serif\">23 vendeurs y offrent des pi\u00e8ces uniques<\/font><\/p>\n\n\n<p style=\"font-family:roboto;line-height:2;font-size:14px;font-weight:400;color:#ACACAC\"><span style=\"color: rgb(10, 10, 10); font-family: &quot;Google Sans&quot;, Arial, sans-serif; font-size: 16px; font-style: inherit; font-variant-ligatures: inherit; font-variant-caps: inherit; font-weight: inherit;\">Deux fois pendant l&rsquo;\u00e9t\u00e9, le site de <u>Mouton village<\/u> devient pour une journ\u00e9e une foire d&rsquo;antiquit\u00e9s en plein aire unique.&nbsp; Des commer\u00e7ants de partout au Qu\u00e9bec s&rsquo;y retrouvent.&nbsp; C&rsquo;est \u00e0 St-Charles-sur-Richelieu.&nbsp; Consultez la page Facebook,&nbsp;<\/span><span style=\"color: rgb(5, 5, 5); font-family: &quot;Segoe UI Historic&quot;, &quot;Segoe UI&quot;, Helvetica, Arial, sans-serif; font-size: 15px; font-style: inherit; font-variant-ligatures: inherit; font-variant-caps: inherit; font-weight: inherit;\">info@moutonvillage.com.<\/span><\/p>\n\n\n<p><br><\/p>\n\n\n","protected":false},"excerpt":{"rendered":"","protected":false},"author":2,"featured_media":0,"parent":0,"menu_order":0,"comment_status":"closed","ping_status":"closed","template":"","meta":{"pagelayer_contact_templates":[],"_pagelayer_content":"","footnotes":""},"class_list":["post-256","page","type-page","status-publish","hentry"],"_links":{"self":[{"href":"https:\/\/laviree.quebec\/Site\/wp-json\/wp\/v2\/pages\/256","targetHints":{"allow":["GET"]}}],"collection":[{"href":"https:\/\/laviree.quebec\/Site\/wp-json\/wp\/v2\/pages"}],"about":[{"href":"https:\/\/laviree.quebec\/Site\/wp-json\/wp\/v2\/types\/page"}],"author":[{"embeddable":true,"href":"https:\/\/laviree.quebec\/Site\/wp-json\/wp\/v2\/users\/2"}],"replies":[{"embeddable":true,"href":"https:\/\/laviree.quebec\/Site\/wp-json\/wp\/v2\/comments?post=256"}],"version-history":[{"count":11,"href":"https:\/\/laviree.quebec\/Site\/wp-json\/wp\/v2\/pages\/256\/revisions"}],"predecessor-version":[{"id":380,"href":"https:\/\/laviree.quebec\/Site\/wp-json\/wp\/v2\/pages\/256\/revisions\/380"}],"wp:attachment":[{"href":"https:\/\/laviree.quebec\/Site\/wp-json\/wp\/v2\/media?parent=256"}],"curies":[{"name":"wp","href":"https:\/\/api.w.org\/{rel}","templated":true}]}}