{"id":365,"date":"2026-03-14T22:31:08","date_gmt":"2026-03-14T22:31:08","guid":{"rendered":"https:\/\/laviree.quebec\/Site\/?page_id=365"},"modified":"2026-03-16T00:25:14","modified_gmt":"2026-03-16T00:25:14","slug":"decoration","status":"publish","type":"page","link":"https:\/\/laviree.quebec\/Site\/decoration\/","title":{"rendered":"D\u00e9coration"},"content":{"rendered":"\n\n\n\ntypes d&rsquo;Articles disponibles\n\n<p style=\"font-family: roboto; font-size:16px;font-weight:500;color:#000;line-height:2\">\nA la Vir\u00e9e Dans l&rsquo;Temps, vous pouvez d\u00e9nicher une vaste\ngamme d&rsquo;articles de d\u00e9coration allant de l&rsquo;objet utilitaire ancien \u00e0 la pi\u00e8ce\nde collection rare.<br>Les inventaires varient r\u00e9guli\u00e8rement selon la sp\u00e9cialit\u00e9 de la boutique\n(industriel, victorien, mid-century modern, ou art populaire qu\u00e9b\u00e9cois).<br>\n<br>\n<strong>Types d&rsquo;articles de d\u00e9coration courants<\/strong>:<br><strong>Art mural et tableaux<\/strong>: Vous trouverez des huiles sur toile du 19e\nsi\u00e8cle, des portraits classiques, ou des cadres anciens en bois dor\u00e9.<br><strong>Luminaires<\/strong>: Les antiquaires proposent souvent des lampes de bureau\nvintage, des suspensions industrielles, des appliques murales ou des lampes de\nsol.<br><strong>Accessoires de table et cuisine<\/strong>: Vaisselle ancienne, ustensiles de\nservice en argent, verres en cristal, c\u00e9ramiques et planches \u00e0 d\u00e9couper\npatin\u00e9es.<br><strong>Petits objets et bibelots<\/strong>: Vases, poteries, bo\u00eetes de collection,\nhorloges de table (pendules), et figurines.<br><strong>\u00c9l\u00e9ments architecturaux<\/strong>: \u00c9crans de foyer, miroirs anciens, plaques\nd&rsquo;interrupteurs vintage ou m\u00eame de petits meubles d&rsquo;appoint comme des tables en\nnoyer et marbre.<o:p><\/o:p><\/p>\n\n\n<p style=\"line-height: 2; font-weight: 400;\"><font color=\"#0a0a0a\" face=\"Google Sans, Arial, sans-serif\">Texte<\/font><\/p>\n\n\n<p style=\"line-height: 2; font-weight: 400;\"><font color=\"#0a0a0a\" face=\"Google Sans, Arial, sans-serif\">Texte<\/font><\/p>\n\n\n<p [object=\"\" namednodemap]=\"\"><font color=\"#0a0a0a\" face=\"Google Sans, Arial, sans-serif\">Texte<\/font><\/p>\n\n\n\n\n\n\n\n\n\n\n\n<p><br><\/p>\n\n\n\n","protected":false},"excerpt":{"rendered":"","protected":false},"author":2,"featured_media":0,"parent":0,"menu_order":0,"comment_status":"closed","ping_status":"closed","template":"","meta":{"pagelayer_contact_templates":[],"_pagelayer_content":"","footnotes":""},"class_list":["post-365","page","type-page","status-publish","hentry"],"_links":{"self":[{"href":"https:\/\/laviree.quebec\/Site\/wp-json\/wp\/v2\/pages\/365","targetHints":{"allow":["GET"]}}],"collection":[{"href":"https:\/\/laviree.quebec\/Site\/wp-json\/wp\/v2\/pages"}],"about":[{"href":"https:\/\/laviree.quebec\/Site\/wp-json\/wp\/v2\/types\/page"}],"author":[{"embeddable":true,"href":"https:\/\/laviree.quebec\/Site\/wp-json\/wp\/v2\/users\/2"}],"replies":[{"embeddable":true,"href":"https:\/\/laviree.quebec\/Site\/wp-json\/wp\/v2\/comments?post=365"}],"version-history":[{"count":2,"href":"https:\/\/laviree.quebec\/Site\/wp-json\/wp\/v2\/pages\/365\/revisions"}],"predecessor-version":[{"id":387,"href":"https:\/\/laviree.quebec\/Site\/wp-json\/wp\/v2\/pages\/365\/revisions\/387"}],"wp:attachment":[{"href":"https:\/\/laviree.quebec\/Site\/wp-json\/wp\/v2\/media?parent=365"}],"curies":[{"name":"wp","href":"https:\/\/api.w.org\/{rel}","templated":true}]}}